 (base 7) to base 2.
10
Convert 24 (base 11) to base 16.
1a
Convert -13 (base 15) to base 16.
-12
What is 30 (base 6) in base 11?
17
Convert -1 (base 6) to base 2.
-1
13 (base 6) to base 2
1001
What is 110 (base 2) in base 12?
6
58 (base 10) to base 12
4a
Convert 2 (base 3) to base 15.
2
Convert -41 (base 6) to base 9.
-27
2 (base 7) to base 3
2
120 (base 6) to base 5
143
What is 1 (base 13) in base 12?
1
-2 (base 15) to base 11
-2
Convert 304 (base 6) to base 4.
1300
2 (base 13) to base 9
2
Convert 1 (base 3) to base 9.
1
What is -1 (base 6) in base 11?
-1
Convert -13 (base 9) to base 6.
-20
Convert 300 (base 7) to base 13.
b4
What is 3 (base 8) in base 11?
3
-6 (base 16) to base 6
-10
Convert 124 (base 7) to base 3.
2111
Convert -3 (base 16) to base 2.
-11
-19 (base 11) to base 3
-202
1 (base 4) to base 12
1
Convert -18 (base 9) to base 16.
-11
-312 (base 4) to base 14
-3c
-4 (base 6) to base 8
-4
What is 5 (base 14) in base 6?
5
-1231 (base 4) to base 13
-85
Convert 111 (base 3) to base 5.
23
-166 (base 9) to base 15
-96
Convert -1 (base 2) to base 16.
-1
311 (base 6) to base 14
83
Convert 4 (base 6) to base 16.
4
521 (base 6) to base 4
3001
What is -2 (base 14) in base 10?
-2
What is 3 (base 7) in base 8?
3
What is -111 (base 3) in base 5?
-23
18 (base 9) to base 13
14
What is 63 (base 15) in base 7?
162
12 (base 6) to base 7
11
55 (base 12) to base 8
101
What is -4 (base 15) in base 11?
-4
Convert -20 (base 5) to base 9.
-11
What is 4 (base 6) in base 2?
100
20 (base 12) to base 15
19
Convert -32 (base 13) to base 10.
-41
-1155 (base 6) to base 12
-1bb
2 (base 16) to base 8
2
-1503 (base 6) to base 5
-3044
-100 (base 2) to base 9
-4
-204 (base 8) to base 6
-340
-23 (base 6) to base 11
-14
3 (base 7) to base 15
3
Convert 12 (base 13) to base 4.
33
Convert 2 (base 16) to base 9.
2
-5 (base 13) to base 8
-5
Convert -52 (base 12) to base 3.
-2022
What is 4 (base 10) in base 13?
4
Convert 1 (base 15) to base 14.
1
Convert 2 (base 10) to base 9.
2
Convert 1 (base 16) to base 5.
1
Convert 32 (base 6) to base 12.
18
Convert 12 (base 8) to base 6.
14
16 (base 7) to base 6
21
Convert 1 (base 11) to base 9.
1
What is 3 (base 8) in base 3?
10
What is 10 (base 2) in base 11?
2
What is 51 (base 10) in base 14?
39
Convert 25 (base 12) to base 6.
45
Convert 3 (base 9) to base 15.
3
What is 115 (base 16) in base 5?
2102
What is 112 (base 3) in base 9?
15
Convert 15 (base 11) to base 2.
10000
Convert -32 (base 14) to base 12.
-38
Convert 21 (base 6) to base 2.
1101
Convert 2 (base 12) to base 7.
2
What is -4 (base 6) in base 8?
-4
Convert 0 (base 14) to base 10.
0
Convert 3 (base 14) to base 15.
3
What is 10 (base 10) in base 15?
a
-2 (base 4) to base 14
-2
5 (base 10) to base 11
5
What is 177 (base 12) in base 14?
12b
150 (base 7) to base 5
314
What is -1a8 (base 16) in base 9?
-521
What is 42 (base 11) in base 15?
31
Convert -123 (base 7) to base 9.
-73
Convert -16 (base 16) to base 8.
-26
What is 1 (base 15) in base 11?
1
21120 (base 3) to base 2
11001100
What is 1 (base 3) in base 14?
1
What is -1100011 (base 2) in base 15?
-69
-27 (base 16) to base 9
-43
What is -24 (base 10) in base 8?
-30
What is 6 (base 10) in base 7?
6
Convert -101 (base 6) to base 9.
-41
-14 (base 15) to base 10
-19
What is -35 (base 10) in base 12?
-2b
What is 10 (base 3) in base 11?
3
Convert 25 (base 13) to base 3.
1011
-23 (base 9) to base 14
-17
What is 1112 (base 3) in base 5?
131
Convert -10 (base 2) to base 15.
-2
What is -3 (base 10) in base 14?
-3
-71 (base 9) to base 12
-54
-1e (base 16) to base 2
-11110
What is -100 (base 3) in base 4?
-21
What is 0 (base 15) in base 14?
0
What is 0 (base 14) in base 5?
0
Convert 34 (base 7) to base 4.
121
What is 42 (base 5) in base 9?
24
Convert -364 (base 7) to base 15.
-cd
Convert -8 (base 13) to base 8.
-10
Convert -10 (base 11) to base 15.
-b
What is -17 (base 13) in base 4?
-110
What is 3 (base 12) in base 2?
11
-5 (base 15) to base 13
-5
Convert -67 (base 16) to base 6.
-251
a (base 14) to base 6
14
-44 (base 8) to base 13
-2a
-9 (base 10) to base 7
-12
Convert -42 (base 10) to base 7.
-60
-8d (base 16) to base 6
-353
Convert -27 (base 9) to base 10.
-25
What is -2 (base 9) in base 11?
-2
313 (base 4) to base 13
43
What is -134 (base 7) in base 15?
-4e
Convert -5 (base 10) to base 5.
-10
What is 1 (base 15) in base 2?
1
What is 2 (base 15) in base 14?
2
What is 0 (base 10) in base 7?
0
Convert 6 (base 15) to base 6.
10
What is -1210 (base 6) in base 15?
-149
2 (base 12) to base 10
2
Convert -53 (base 14) to base 10.
-73
Convert 78 (base 10) to base 5.
303
What is -16 (base 8) in base 16?
-e
21 (base 6) to base 2
1101
-5 (base 9) to base 16
-5
62 (base 15) to base 11
84
Convert -dc (base 14) to base 10.
-194
-14 (base 9) to base 4
-31
What is 120 (base 4) in base 9?
26
What is -343 (base 5) in base 13?
-77
What is 2 (base 14) in base 8?
2
What is 0 (base 5) in base 15?
0
What is -2 (base 4) in base 7?
-2
Convert 1 (base 2) to base 11.
1
Convert 16 (base 16) to base 15.
17
Convert 4 (base 11) to base 15.
4
What is 200 (base 6) in base 10?
72
Convert -3 (base 5) to base 9.
-3
Convert -7 (base 8) to base 13.
-7
68 (base 12) to base 8
120
What is -21 (base 8) in base 5?
-32
What is -2 (base 10) in base 9?
-2
Convert 1d (base 16) to base 10.
29
Convert 4 (base 10) to base 16.
4
Convert -66 (base 8) to base 16.
-36
What is -26 (base 11) in base 8?
-34
What is -131 (base 8) in base 3?
-10022
-20 (base 4) to base 6
-12
What is -134 (base 5) in base 9?
-48
0 (base 4) to base 7
0
Convert -24 (base 10) to base 16.
-18
What is -17 (base 9) in base 4?
-100
What is 4 (base 10) in base 11?
4
What is -1130 (base 5) in base 16?
-a5
-3 (base 8) to base 13
-3
-6 (base 16) to base 11
-6
3 (base 10) to base 7
3
Convert -321 (base 5) to base 10.
-86
Convert 4 (base 15) to base 12.
4
-b (base 14) to base 13
-b
What is 2102 (base 3) in base 10?
65
What is 110210 (base 3) in base 8?
531
Convert 3 (base 6) to base 10.
3
What is -2330 (base 5) in base 11?
-28a
What is -3 (base 9) in base 4?
-3
What is 2 (base 7) in base 4?
2
-4 (base 16) to base 13
-4
-52 (base 13) to base 6
-151
What is 20 (base 4) in base 12?
8
What is -207 (base 12) in base 9?
-357
-3 (base 13) to base 16
-3
Convert 10 (base 5) to base 4.
11
Convert -221 (base 4) to base 14.
-2d
What is 1 (base 12) in base 10?
1
What is 53 (base 11) in base 15?
3d
What is -1 (base 9) in base 2?
-1
71 (base 10) to base 9
78
Convert -19 (base 11) to base 9.
-22
Convert -111 (base 9) to base 10.
-91
Convert -246 (base 10) to base 13.
-15c
Convert 33 (base 10) to base 15.
23
What is -202 (base 5) in base 7?
-103
1 (base 2) to base 12
1
Convert -33 (base 4) to base 5.
-30
What is 52 (base 9) in base 15?
32
What is 266 (base 8) in base 13?
110
What is 3 (base 4) in base 6?
3
What is -11 (base 14) in base 11?
-14
Convert -200 (base 3) to base 10.
-18
Convert 47 (base 9) to base 4.
223
-135 (base 6) to base 3
-2012
Convert 234 (base 5) to base 9.
76
Convert -1211 (base 3) to base 5.
-144
What is -420 (base 7) in base 4?
-3102
17 (base 14) to base 5
41
Convert 0 (base 2) to base 7.
0
-1001 (base 3) to base 13
-22
Convert -204 (base 5) to base 9.
-60
-2 (base 16) to base 4
-2
What is 10 (base 3) in base 11?
3
What is -12 (base 10) in base 14?
-c
Convert -4 (base 5) to base 2.
-100
74 (base 13) to base 5
340
Convert 0 (base 7) to base 12.
0
Convert -10010 (base 2) to base 16.
-12
-111 (base 2) to base 5
-12
What is -310 (base 4) in base 6?
-124
Convert 139 (base 10) to base 3.
12011
What is 23 (base 4) in base 12?
b
What is 5 (base 10) in base 2?
101
-310 (base 5) to base 10
-80
What is -2a (base 11) in base 13?
-26
What is 11001010 (base 2) in base 15?
d7
What is 10 (base 10) in base 11?
a
What is 3c (base 16) in base 8?
74
Convert 3 (base 4) to base 5.
3
What is 3 (base 9) in base 5?
3
What is 68 (base 12) in base 6?
212
Convert -255 (base 9) to base 2.
-11010100
12111 (base 3) to base 8
224
What is -21 (base 16) in base 10?
-33
Convert 11 (base 2) to base 12.
3
What is 214 (base 12) in base 11?
257
3 (base 15) to base 12
3
What is 41 (base 7) in base 10?
29
11 (base 3) to base 16
4
What is 3 (base 9) in base 7?
3
-5 (base 10) to base 15
-5
Convert 222 (base 9) to base 6.
502
3 (base 7) to base 6
3
Conver